{"id":1001,"date":"2021-11-09T14:27:26","date_gmt":"2021-11-09T17:27:26","guid":{"rendered":"https:\/\/geoforum-georreforcos.com\/?page_id=1001"},"modified":"2021-11-09T14:27:29","modified_gmt":"2021-11-09T17:27:29","slug":"mesas-redondas","status":"publish","type":"page","link":"https:\/\/geoforum-georreforcos.com\/2021\/mesas-redondas\/","title":{"rendered":"MESAS REDONDAS"},"content":{"rendered":"","protected":false},"excerpt":{"rendered":"","protected":false},"author":2,"featured_media":0,"parent":0,"menu_order":0,"comment_status":"closed","ping_status":"closed","template":"","meta":{"footnotes":""},"class_list":["post-1001","page","type-page","status-publish","hentry"],"yoast_head":"<!-- This site is optimized with the Yoast SEO plugin v27.4 - https:\/\/yoast.com\/product\/yoast-seo-wordpress\/ -->\n<title>MESAS REDONDAS - Geoforum \/ Georrefor\u00e7os 2021<\/title>\n<meta name=\"description\" content=\"100% Online y Gratuito - 10 y 11 de noviembre, Zona Horaria: Lima, Peru, 13:30 \u2013 17:00\" \/>\n<meta name=\"robots\" content=\"index, follow, max-snippet:-1, max-image-preview:large, max-video-preview:-1\" \/>\n<link rel=\"canonical\" href=\"https:\/\/geoforum-georreforcos.com\/2021\/mesas-redondas\/\" \/>\n<meta property=\"og:locale\" content=\"en_US\" \/>\n<meta property=\"og:type\" content=\"article\" \/>\n<meta property=\"og:title\" content=\"Geoforum \/ Georrefor\u00e7os 2021\" \/>\n<meta property=\"og:description\" content=\"100% Online y Gratuito - 10 y 11 de noviembre, Zona Horaria: Lima, Peru, 13:30 \u2013 17:00\" \/>\n<meta property=\"og:url\" content=\"https:\/\/geoforum-georreforcos.com\/2021\/mesas-redondas\/\" \/>\n<meta property=\"og:site_name\" content=\"Geoforum \/ Georrefor\u00e7os 2021\" \/>\n<meta property=\"article:modified_time\" content=\"2021-11-09T17:27:29+00:00\" \/>\n<meta property=\"og:image\" content=\"https:\/\/geoforum-georreforcos.com\/2021\/wp-content\/uploads\/2021\/10\/geoforum.jpg\" \/>\n\t<meta property=\"og:image:width\" content=\"1200\" \/>\n\t<meta property=\"og:image:height\" content=\"630\" \/>\n\t<meta property=\"og:image:type\" content=\"image\/jpeg\" \/>\n<meta name=\"twitter:card\" content=\"summary_large_image\" \/>\n<meta name=\"twitter:title\" content=\"Geoforum \/ Georrefor\u00e7os 2021\" \/>\n<meta name=\"twitter:description\" content=\"100% Online y Gratuito - 10 y 11 de noviembre, Zona Horaria: Lima, Peru, 13:30 \u2013 17:00\" \/>\n<meta name=\"twitter:image\" content=\"https:\/\/geoforum-georreforcos.com\/2021\/wp-content\/uploads\/2021\/10\/geoforum.jpg\" \/>\n<script type=\"application\/ld+json\" class=\"yoast-schema-graph\">{\"@context\":\"https:\\\/\\\/schema.org\",\"@graph\":[{\"@type\":\"WebPage\",\"@id\":\"https:\\\/\\\/geoforum-georreforcos.com\\\/2021\\\/mesas-redondas\\\/\",\"url\":\"https:\\\/\\\/geoforum-georreforcos.com\\\/2021\\\/mesas-redondas\\\/\",\"name\":\"MESAS REDONDAS - Geoforum \\\/ Georrefor\u00e7os 2021\",\"isPartOf\":{\"@id\":\"https:\\\/\\\/geoforum-georreforcos.com\\\/2021\\\/#website\"},\"datePublished\":\"2021-11-09T17:27:26+00:00\",\"dateModified\":\"2021-11-09T17:27:29+00:00\",\"description\":\"100% Online y Gratuito - 10 y 11 de noviembre, Zona Horaria: Lima, Peru, 13:30 \u2013 17:00\",\"breadcrumb\":{\"@id\":\"https:\\\/\\\/geoforum-georreforcos.com\\\/2021\\\/mesas-redondas\\\/#breadcrumb\"},\"inLanguage\":\"en-US\",\"potentialAction\":[{\"@type\":\"ReadAction\",\"target\":[\"https:\\\/\\\/geoforum-georreforcos.com\\\/2021\\\/mesas-redondas\\\/\"]}]},{\"@type\":\"BreadcrumbList\",\"@id\":\"https:\\\/\\\/geoforum-georreforcos.com\\\/2021\\\/mesas-redondas\\\/#breadcrumb\",\"itemListElement\":[{\"@type\":\"ListItem\",\"position\":1,\"name\":\"In\u00edcio\",\"item\":\"https:\\\/\\\/geoforum-georreforcos.com\\\/2021\\\/\"},{\"@type\":\"ListItem\",\"position\":2,\"name\":\"MESAS REDONDAS\"}]},{\"@type\":\"WebSite\",\"@id\":\"https:\\\/\\\/geoforum-georreforcos.com\\\/2021\\\/#website\",\"url\":\"https:\\\/\\\/geoforum-georreforcos.com\\\/2021\\\/\",\"name\":\"Geoforum \\\/ Georrefor\u00e7os 2021\",\"description\":\"Semin\u00e1rio Panamericano de Minera\u00e7\u00e3o da HUESKER\",\"publisher\":{\"@id\":\"https:\\\/\\\/geoforum-georreforcos.com\\\/2021\\\/#organization\"},\"potentialAction\":[{\"@type\":\"SearchAction\",\"target\":{\"@type\":\"EntryPoint\",\"urlTemplate\":\"https:\\\/\\\/geoforum-georreforcos.com\\\/2021\\\/?s={search_term_string}\"},\"query-input\":{\"@type\":\"PropertyValueSpecification\",\"valueRequired\":true,\"valueName\":\"search_term_string\"}}],\"inLanguage\":\"en-US\"},{\"@type\":\"Organization\",\"@id\":\"https:\\\/\\\/geoforum-georreforcos.com\\\/2021\\\/#organization\",\"name\":\"Geoforum \\\/ Georrefor\u00e7os 2021\",\"url\":\"https:\\\/\\\/geoforum-georreforcos.com\\\/2021\\\/\",\"logo\":{\"@type\":\"ImageObject\",\"inLanguage\":\"en-US\",\"@id\":\"https:\\\/\\\/geoforum-georreforcos.com\\\/2021\\\/#\\\/schema\\\/logo\\\/image\\\/\",\"url\":\"https:\\\/\\\/geoforum-georreforcos.com\\\/wp-content\\\/uploads\\\/2021\\\/10\\\/geoforum.jpg\",\"contentUrl\":\"https:\\\/\\\/geoforum-georreforcos.com\\\/wp-content\\\/uploads\\\/2021\\\/10\\\/geoforum.jpg\",\"width\":1200,\"height\":630,\"caption\":\"Geoforum \\\/ Georrefor\u00e7os 2021\"},\"image\":{\"@id\":\"https:\\\/\\\/geoforum-georreforcos.com\\\/2021\\\/#\\\/schema\\\/logo\\\/image\\\/\"}}]}<\/script>\n<!-- \/ Yoast SEO plugin. -->","yoast_head_json":{"title":"MESAS REDONDAS - Geoforum \/ Georrefor\u00e7os 2021","description":"100% Online y Gratuito - 10 y 11 de noviembre, Zona Horaria: Lima, Peru, 13:30 \u2013 17:00","robots":{"index":"index","follow":"follow","max-snippet":"max-snippet:-1","max-image-preview":"max-image-preview:large","max-video-preview":"max-video-preview:-1"},"canonical":"https:\/\/geoforum-georreforcos.com\/2021\/mesas-redondas\/","og_locale":"en_US","og_type":"article","og_title":"Geoforum \/ Georrefor\u00e7os 2021","og_description":"100% Online y Gratuito - 10 y 11 de noviembre, Zona Horaria: Lima, Peru, 13:30 \u2013 17:00","og_url":"https:\/\/geoforum-georreforcos.com\/2021\/mesas-redondas\/","og_site_name":"Geoforum \/ Georrefor\u00e7os 2021","article_modified_time":"2021-11-09T17:27:29+00:00","og_image":[{"width":1200,"height":630,"url":"https:\/\/geoforum-georreforcos.com\/2021\/wp-content\/uploads\/2021\/10\/geoforum.jpg","type":"image\/jpeg"}],"twitter_card":"summary_large_image","twitter_title":"Geoforum \/ Georrefor\u00e7os 2021","twitter_description":"100% Online y Gratuito - 10 y 11 de noviembre, Zona Horaria: Lima, Peru, 13:30 \u2013 17:00","twitter_image":"https:\/\/geoforum-georreforcos.com\/2021\/wp-content\/uploads\/2021\/10\/geoforum.jpg","schema":{"@context":"https:\/\/schema.org","@graph":[{"@type":"WebPage","@id":"https:\/\/geoforum-georreforcos.com\/2021\/mesas-redondas\/","url":"https:\/\/geoforum-georreforcos.com\/2021\/mesas-redondas\/","name":"MESAS REDONDAS - Geoforum \/ Georrefor\u00e7os 2021","isPartOf":{"@id":"https:\/\/geoforum-georreforcos.com\/2021\/#website"},"datePublished":"2021-11-09T17:27:26+00:00","dateModified":"2021-11-09T17:27:29+00:00","description":"100% Online y Gratuito - 10 y 11 de noviembre, Zona Horaria: Lima, Peru, 13:30 \u2013 17:00","breadcrumb":{"@id":"https:\/\/geoforum-georreforcos.com\/2021\/mesas-redondas\/#breadcrumb"},"inLanguage":"en-US","potentialAction":[{"@type":"ReadAction","target":["https:\/\/geoforum-georreforcos.com\/2021\/mesas-redondas\/"]}]},{"@type":"BreadcrumbList","@id":"https:\/\/geoforum-georreforcos.com\/2021\/mesas-redondas\/#breadcrumb","itemListElement":[{"@type":"ListItem","position":1,"name":"In\u00edcio","item":"https:\/\/geoforum-georreforcos.com\/2021\/"},{"@type":"ListItem","position":2,"name":"MESAS REDONDAS"}]},{"@type":"WebSite","@id":"https:\/\/geoforum-georreforcos.com\/2021\/#website","url":"https:\/\/geoforum-georreforcos.com\/2021\/","name":"Geoforum \/ Georrefor\u00e7os 2021","description":"Semin\u00e1rio Panamericano de Minera\u00e7\u00e3o da HUESKER","publisher":{"@id":"https:\/\/geoforum-georreforcos.com\/2021\/#organization"},"potentialAction":[{"@type":"SearchAction","target":{"@type":"EntryPoint","urlTemplate":"https:\/\/geoforum-georreforcos.com\/2021\/?s={search_term_string}"},"query-input":{"@type":"PropertyValueSpecification","valueRequired":true,"valueName":"search_term_string"}}],"inLanguage":"en-US"},{"@type":"Organization","@id":"https:\/\/geoforum-georreforcos.com\/2021\/#organization","name":"Geoforum \/ Georrefor\u00e7os 2021","url":"https:\/\/geoforum-georreforcos.com\/2021\/","logo":{"@type":"ImageObject","inLanguage":"en-US","@id":"https:\/\/geoforum-georreforcos.com\/2021\/#\/schema\/logo\/image\/","url":"https:\/\/geoforum-georreforcos.com\/wp-content\/uploads\/2021\/10\/geoforum.jpg","contentUrl":"https:\/\/geoforum-georreforcos.com\/wp-content\/uploads\/2021\/10\/geoforum.jpg","width":1200,"height":630,"caption":"Geoforum \/ Georrefor\u00e7os 2021"},"image":{"@id":"https:\/\/geoforum-georreforcos.com\/2021\/#\/schema\/logo\/image\/"}}]}},"_links":{"self":[{"href":"https:\/\/geoforum-georreforcos.com\/2021\/wp-json\/wp\/v2\/pages\/1001","targetHints":{"allow":["GET"]}}],"collection":[{"href":"https:\/\/geoforum-georreforcos.com\/2021\/wp-json\/wp\/v2\/pages"}],"about":[{"href":"https:\/\/geoforum-georreforcos.com\/2021\/wp-json\/wp\/v2\/types\/page"}],"author":[{"embeddable":true,"href":"https:\/\/geoforum-georreforcos.com\/2021\/wp-json\/wp\/v2\/users\/2"}],"replies":[{"embeddable":true,"href":"https:\/\/geoforum-georreforcos.com\/2021\/wp-json\/wp\/v2\/comments?post=1001"}],"version-history":[{"count":2,"href":"https:\/\/geoforum-georreforcos.com\/2021\/wp-json\/wp\/v2\/pages\/1001\/revisions"}],"predecessor-version":[{"id":1042,"href":"https:\/\/geoforum-georreforcos.com\/2021\/wp-json\/wp\/v2\/pages\/1001\/revisions\/1042"}],"wp:attachment":[{"href":"https:\/\/geoforum-georreforcos.com\/2021\/wp-json\/wp\/v2\/media?parent=1001"}],"curies":[{"name":"wp","href":"https:\/\/api.w.org\/{rel}","templated":true}]}}